{"id":2809,"date":"2026-01-30T13:20:32","date_gmt":"2026-01-30T13:20:32","guid":{"rendered":"https:\/\/tienda.megline.com.ar\/?post_type=product&#038;p=2809"},"modified":"2026-03-12T16:00:40","modified_gmt":"2026-03-12T16:00:40","slug":"evo-revitalizante-380-ml-50-off","status":"publish","type":"product","link":"https:\/\/tienda.megline.com.ar\/?product=evo-revitalizante-380-ml-50-off","title":{"rendered":"Evo Revitalizante 380 ml &#8211; 50% OFF"},"content":{"rendered":"<p>&#x2728; 50% OFF \u2013 Promo por tiempo limitado &#x2728;<\/p>\n<p>&nbsp;<\/p>\n","protected":false},"excerpt":{"rendered":"<p><em>Sent\u00ed tu piel renovada todos los d\u00edas con Evo Revitalizante, una emulsi\u00f3n nutritiva para manos y cuerpo formulada con aceites naturales de ginseng y guaran\u00e1, reconocidos por sus propiedades energizantes y revitalizantes.<\/em><\/p>\n<p><em>Su textura liviana se absorbe r\u00e1pidamente, dejando la piel suave, hidratada y con una agradable sensaci\u00f3n de frescura, sin efecto graso. Ideal para el uso diario, ayuda a mejorar el aspecto de la piel, aportando vitalidad y confort desde la primera aplicaci\u00f3n.<\/em><\/p>\n<p><em>&#x1f525; Aprovech\u00e1 esta promoci\u00f3n exclusiva con 50% de descuento y sum\u00e1 a tu rutina diaria una emulsi\u00f3n que cuida y revitaliza tu piel.<\/em><\/p>\n","protected":false},"featured_media":2810,"comment_status":"open","ping_status":"closed","template":"","meta":[],"product_brand":[65],"product_cat":[128,53,57],"product_tag":[71],"class_list":{"0":"post-2809","1":"product","2":"type-product","3":"status-publish","4":"has-post-thumbnail","6":"product_brand-evo-natural","7":"product_cat-destacado","8":"product_cat-emulsiones-corporales","9":"product_cat-revitalizante","10":"product_tag-evo-natural","12":"first","13":"instock","14":"sale","15":"featured","16":"shipping-taxable","17":"purchasable","18":"product-type-simple"},"_links":{"self":[{"href":"https:\/\/tienda.megline.com.ar\/index.php?rest_route=\/wp\/v2\/product\/2809","targetHints":{"allow":["GET"]}}],"collection":[{"href":"https:\/\/tienda.megline.com.ar\/index.php?rest_route=\/wp\/v2\/product"}],"about":[{"href":"https:\/\/tienda.megline.com.ar\/index.php?rest_route=\/wp\/v2\/types\/product"}],"replies":[{"embeddable":true,"href":"https:\/\/tienda.megline.com.ar\/index.php?rest_route=%2Fwp%2Fv2%2Fcomments&post=2809"}],"wp:featuredmedia":[{"embeddable":true,"href":"https:\/\/tienda.megline.com.ar\/index.php?rest_route=\/wp\/v2\/media\/2810"}],"wp:attachment":[{"href":"https:\/\/tienda.megline.com.ar\/index.php?rest_route=%2Fwp%2Fv2%2Fmedia&parent=2809"}],"wp:term":[{"taxonomy":"product_brand","embeddable":true,"href":"https:\/\/tienda.megline.com.ar\/index.php?rest_route=%2Fwp%2Fv2%2Fproduct_brand&post=2809"},{"taxonomy":"product_cat","embeddable":true,"href":"https:\/\/tienda.megline.com.ar\/index.php?rest_route=%2Fwp%2Fv2%2Fproduct_cat&post=2809"},{"taxonomy":"product_tag","embeddable":true,"href":"https:\/\/tienda.megline.com.ar\/index.php?rest_route=%2Fwp%2Fv2%2Fproduct_tag&post=2809"}],"curies":[{"name":"wp","href":"https:\/\/api.w.org\/{rel}","templated":true}]}}